2
Calculate -1 + 7 + 0 - (19 + (-4 - 2)).
-7
Evaluate -28 + (-2 - 8) + 53.
15
Evaluate 11 + (-2 - 3) + -8 - (-8 + 1).
5
Evaluate -13 + 7 + (-2 - 4).
-12
Calculate (1 - 0) + (7 - 8) + 502 + -511.
-9
Evaluate 0 + -3 + (4 - -1 - 10 - -5).
-3
Calculate -2 + -16 + 10 + 8.
0
14 - (7 + 6) - (27 + -3)
-23
45 + -8 + -22 + 1
16
10 + (-6 - (-9 - -13))
0
Calculate 58 + -70 - (-15 + 3).
0
Evaluate 1 + -20 + (-4 - 12 - (-14 - 3)).
-18
What is the value of (-6 - 12) + 19 - (-1 - 10)?
12
What is the value of 12 + -5 + (1 - (-5 + 3)) + -4?
6
What is the value of 0 + -9 + 24 + (-20 - -29)?
24
What is (-5 - (-3 + -7 + -4)) + 5 + -1?
13
Calculate -4 - ((9 - 3) + -5) - 4.
-9
Calculate 13 - (1 + (17 - (2 - 1 - -5))).
1
Evaluate (23 - (3 - -29)) + (0 - 2 - 0).
-11
-6 - (-20 + (-1 + -5 - -13))
7
What is the value of -34 + 35 + (0 - 1 - 8)?
-8
What is 5 - (-14 - -22 - (-8 + -1))?
-12
What is the value of (3 - (-13 + 11)) + (-6 - 15)?
-16
12 + -1 - (29 - (-24 - -38))
-4
2 - (4 + 0 + 17 + -24)
5
24 + -4 - (3 + 6)
11
-14 - (10 + 0 + (-100 - -95))
-19
Calculate 57 + 62 + -120 - (0 + 13).
-14
Calculate -43 + 41 + (4 - (-1 + -2 + 1)).
4
Evaluate -16 + (1 - -2) + (-33 + 11 - -26).
-9
-4 - (8 + -4 - (1 - -16)) - -8
17
Calculate -12 - -19 - 13 - 3 - -12.
3
2 + 15 - (41 - (1 + 35))
12
What is -4 - ((14 - 9) + -9 + 0 + 14)?
-14
Calculate 5 + (3 + -3 + 1 - (-5 - 2)).
13
Calculate 3 + -4 - 7 - (-72 + 81).
-17
Evaluate 11 - 4 - (-17 - -30) - (-3 - -10).
-13
Evaluate (-13 + 4 - -5) + -19 + 17.
-6
(3 - 16) + -22 + 15
-20
Calculate (-3 + 10 - (-17 - -8)) + -9.
7
What is the value of 14 + (-15 - (-9 - (-1 - -6)))?
13
What is -15 - (-20 - -6) - 11?
-12
What is -2 + 2 + (9 - -1) - (58 + -19)?
-29
Evaluate -30 + (-1 + -16 - -16).
-31
What is 27 + (-24 - 3) - 23?
-23
What is 5 + (-3 - 0) - 19?
-17
What is the value of (3 - (-4 - (-4 - -13))) + -7?
9
Evaluate (2 - (7 - 8)) + 1 + -7.
-3
(-672 - -704) + (-1 - 41)
-10
Evaluate (-171 - -171) + (19 - -2).
21
118 + -144 + (5 - 9)
-30
Evaluate 4 + (4 - -1) + (8 - 38).
-21
Calculate -3 - (-6 + (2 - (-4 - 0))).
-3
Evaluate -2 + 11 - (19 - (18 + -6)).
2
28 - (-54 - -35 - -35)
12
What is (-2 - (20 + -33)) + -12?
-1
What is the value of 2 - 14 - (-9 - (-18 - -13))?
-8
What is (-1 - (-1 - 0) - (-2 - -2)) + 2?
2
Evaluate 235 - 236 - (1 - -7).
-9
What is the value of 11 + -5 + (-12 - -1) + -36 + 34?
-7
Calculate -2 + 1 - (105 + (119 - 256)).
31
(15 + -9 - 13) + -24 - -13
-18
What is (2 - -3) + -8 + 21 + -11?
7
What is the value of (14 + 3 - (-2 + 11)) + (4 - 2)?
10
What is the value of ((8 - (-1 - -3)) + 0 - 20) + -1?
-15
2 + 0 + 1 + (-5 - (3 - 7))
2
What is 17 + -4 + (-12 - -27) + -9?
19
Calculate 10 + (29 - 15 - 0 - 4).
20
What is (-9 - (0 + -1)) + 9 + -20 + 2?
-17
(24 - 25) + 20 + -19
0
What is the value of (-14 - -43) + (9 - 12) + -4?
22
Evaluate (-1 - 3) + -2 + -196 + 187.
-15
Evaluate 15 - 0 - (-30 - -30 - -9).
6
What is 6 + -15 - ((1 - 12) + 2)?
0
-7 + (-6 - (3 - 17)) + (-4 - -7)
4
Evaluate (18 - (-5 + 6)) + (12 - (9 + -7)).
27
What is the value of 20 + (8 - (-1 + 3) - 6)?
20
Evaluate (-11 - -31) + (-17 - -7).
10
What is 6 - (-8 - 0 - (-95 + 89))?
8
What is 15 + -13 + 26 + -8 + -5?
15
13 + 6 + -25 + 8
2
Evaluate 18 - (6 - (5 + -9 - -4)).
12
6 + -19 + (-8 + 5 + 5 - -1)
-10
Calculate -17 + -1 + (21 - (24 + -10)).
-11
Calculate -4 + -12 + (-31 - -31).
-16
2 + -10 - -3 - (-16 + 30 + -30)
11
What is (-2 + 4 - -2 - -13) + (12 - 14)?
15
Evaluate 21 - (-9 + (29 - 5) + -17).
23
What is (8 - -7) + (-3 - (5 + -3))?
10
5 - (0 - 11 - (-22 + 3 + 22))
19
Calculate -19 + -9 + (9 - -22).
3
Evaluate (-10 + 23 - 11) + -16.
-14
What is (7 - 2) + -8 + 9?
6
Evaluate 747 + -777 - (1 + -39).
8
Evaluate 1 + 15 - (-6 - (11 - 13) - -5).
15
What is the value of (-20 - 1) + -11 + 18?
-14
Calculate -19 - (-29 + 6 + 21).
-17
Evaluate 1 + -1 + 0 + (-9 - (8 - 13)).
-4
Calculate -12 - (3 + -3 + -2 - (-2 + 6)).
-6
What is -5 - (12 - 18) - 2?
-1
What is 9 + 1 + (-10 + 18 - 16) - -4?
6
Calculate (12 - (-27 + 9)) + -7.
23
Calculate -1 - -15 - (178 + -165) - (-15 + -2).
18
-5 + (-13 - -16) + 4
2
What is -54 - -55 - (5 + 23 + -5)?
-22
13 + 43 + -9 + -47
0
Calculate (-69 - -85) + -1 + 1.
16
What is the value of (14 - (6 + -6)) + -24?
-10
What is the value of (-26 - -9) + 24 - (12 - -3)?
-8
What is the value of -3 - (-2 - (-3 - -11))?
7
What is the value of 23 - (21 + -18) - 9?
11
Calculate -12 - (-12 + -9) - 24 - (-6 - 0).
-9
Evaluate -5 + (43 + -26 - 7).
5
Evaluate 1 + 0 + -17 + (30 - 33).
-19
15 - 12 - (0 - -6) - (-12 + 10)
-1
Evaluate -4 - (10 - 17 - -1).
2
Calculate 25 - ((-11 - (15 - 10)) + 16).
25
What is -170 - -204 - (-1 - -12)?
23
Calculate -22 + 12 - (3 - 2) - (0 + -2).
-9
Calculate -9 - (-7 + 4 + (-30 - -32)).
-8
Calculate -4 - (-42 - (-4 + -11 + -1)).
22
What is the value of -9 + 5 + 3 + -2 + -9?
-12
What is the value of (-2 - (10 + -12 - -9)) + -15?
-24
What is 4 + (3 + -4 - 2) + -14 + 1?
-12
Evaluate 2 + -4 + 1 + (1451 - 1418).
32
5 + -5 - (19 - 31)
12
What is 30 - (-9 - (21 + -52))?
8
What is (-1 - (-2 + 4)) + (-49 - -18 - -21)?
-13
-4 - 0 - (16 + -15 + 12)
-17
Evaluate 10 + -1 + 8 + (-5 - (-5 + 7)).
10
Evaluate -26 + 7 + 2 + -4 + (-1 - -7).
-15
Evaluate (-1 - 3) + (-109 - -115) + 0.
2
What is the value of -2 - 3 - (-4 + -3 + -19 + 18)?
3
What is the value of 6 - ((0 - -1) + -6 + (30 - 17))?
-2
What is -126 + 117 - (0 - 5) - -19?
15
Evaluate -1 - (8 - 6 - -6) - -19.
10
What is the value of (60 - 73) + (1 - -6) - (-2 - 2)?
-2
What is the value of -22 - (25 - 18 - -10 - 16)?
-23
Calculate -14 - (11 + -11) - -14 - 1.
-1
What is -10 + 3 - (374 + -389)?
8
What is the value of (-7 - -12) + -5 - (-4 - -4 - 3)?
3
-1 + 9 + -118 + 37 + 45
-28
What is -12 - ((-26 - 3 - -16) + 14)?
-13
-12 + 11 + -15 + -8 + 0 + 14
-10
Evaluate 8 + 22 + -20 + (-2 - 11).
-3
What is -18 + -3 + (1 - (19 + -10))?
-29
What is 7 - 17 - -4 - 0?
-6
What is the value of -6 - 0 - (-7 + (-12 - -1))?
12
What is 27 - (-1 - -26) - (-3 - (3 + 1))?
9
What is the value of -10 - 0 - (41 + -59)?
8
Evaluate 33 + (-59 - (26 + -45)).
-7
Evaluate -6 - ((-11 - -3) + -9).
11
Evaluate (-1 - -14) + 0 + -311 + 308 + -5.
5
What is the value of (-26 - (-11 + -3 + 1)) + (2 - 2)?
-13
Evaluate -15 - (6 - 11) - (68 + -70).
-8
Evaluate 5 - (6 - 15 - (1 - 16)) - -19.
18
What is the value of (48 - 43) + (-7 - 1) - (0 - 6)?
3
What is 20 + -22 + 8 + 0 - 4?
2
Evaluate (-5 - -8 - 4) + 13 - 10.
2
Evaluate -12 + 14 + -6 + 16.
12
What is 3 + 14 + (-9 - 4) + -19 + 2?
-13
Evaluate (22 - 8) + -18 + 21.
17
What is -6 + 27 - (-164 - -156)?
29
Evaluate 17 - (-81 - -81 - (1 - -7)).
25
-13 + (9 - 8) + (5 - 0)
-7
Calculate 10 - 1 - 0 - -2.
11
What is -2 + 8 - (22 + (-18 - -11))?
-9
What is (-12 - -7) + 1 + 4 + 0 - 3?
-3
What is -6 + 0 + (12 - (9 + 4)) - 9?
-16
(-90 - -76 - -24) + (-17 - (-1 + 2))
-8
Calculate 1 - (-10 + 3 + 0 - -14).
-6
-19 - (14 + -16) - -12
-5
Calculate 134 - 171 - (-59 + -1).
23
Evaluate 46 + (-47 - (-3 + -25)).
27
Calculate (16 - -3) + -16 + (-22 - 3).
-22
What is the value of (-36 - -46) + (-4 - -2)?
8
Calculate -2 - ((-10 - 0) + 0) - (361 - 357).
4
-31 + -26 + (20 - -31)
-6
What is the value of -4 + 5 + (2 + -4 - (3 - 13))?
9
What is (0 - 3) + (15 - 28) + 1?
-15
Evaluate (-1 - -6) + 109 + -129.
-15
(-9 - -15) + (2 - (-2 - -4) - 1)
5
Calculate 7 - (2 + 4) - (-3 - 21) - 10.
15
What is the value of -12 + (-15 - (-16 - 10))?
-1
What is the value of 27 + (0 - -8 - (-41 + 24 - -35))?
17
What is the value of (-3 - (5 + -9)) + (-13 - 1)?
-13
What is the value of (-63 - -64) + (-1 - 2) + 17 + -10?
5
Calculate (-7 - (7 + -39 - -14)) + 10.
21
What is 17 + (1 + -6 - (3 - 8)) - 2?
15
Calculate (-100 - -93) + (0 + 23 - 3).
13
What is the value of -7 + (-6 - (11 + -4 - 31)) - -3?
14
What is the value of -19 - (-16 + (-6 - -15)) - 4?
-16
Calculate -4 - ((1 - 1) + (11 - (48 - 32))).
1
What is the value of 70 + -58 + (-5 + 0 - -3)?
10
22 + 2 - (-6 + 11 - -4)
15
Calculate -2 + -1 + -1 + 2 - (25 + -18).
-9
What is the value of 5 + -19 + 13 - 5?
-6
What is the value of -1 - (5 + (4 - 13) + 11)?
-8
Calculate (9 - 18) + -8 + (6 - -1) - 5.
-15
-2 + 11 - (-30 - (-32 - 5))
2
What is (4 - (30 + -14)) + 5?
-7
Calculate 0 + (7 + 7 - 7) + (1 - -3).
11
0 + -1 + -15 - -10
-6
What is the value of 5 + (-3 - -1) + -7?
-4
(1 - 0 - 2) + 0 + 554 + -562
-9
What is t